[INFO] cloning repository https://github.com/MauricevanLeeuwen/seq-rs
[INFO] running `Command { std: "git" "-c" "credential.helper=" "-c" "credential.helper=/workspace/cargo-home/bin/git-credential-null" "clone" "--bare" "https://github.com/MauricevanLeeuwen/seq-rs" "/workspace/cache/git-repos/https%3A%2F%2Fgithub.com%2FMauricevanLeeuwen%2Fseq-rs", kill_on_drop: false }`
[INFO] [stderr] Cloning into bare repository '/workspace/cache/git-repos/https%3A%2F%2Fgithub.com%2FMauricevanLeeuwen%2Fseq-rs'...
[INFO] running `Command { std: "git" "rev-parse" "HEAD", kill_on_drop: false }`
[INFO] [stdout] 232f3e2bcb6863e6929fbeda41d763ebe8b8de0a
[INFO] checking MauricevanLeeuwen/seq-rs against master#af3c6e733a40e671550e0f0f5aeecaa13772ba56 for pr-74989
[INFO] running `Command { std: "git" "clone" "/workspace/cache/git-repos/https%3A%2F%2Fgithub.com%2FMauricevanLeeuwen%2Fseq-rs" "/workspace/builds/worker-11/source", kill_on_drop: false }`
[INFO] [stderr] Cloning into '/workspace/builds/worker-11/source'...
[INFO] [stderr] done.
[INFO] validating manifest of git repo https://github.com/MauricevanLeeuwen/seq-rs on toolchain af3c6e733a40e671550e0f0f5aeecaa13772ba56
[INFO] running `Command { std: "/workspace/cargo-home/bin/cargo" "+af3c6e733a40e671550e0f0f5aeecaa13772ba56" "read-manifest" "--manifest-path" "Cargo.toml", kill_on_drop: false }`
[INFO] started tweaking git repo https://github.com/MauricevanLeeuwen/seq-rs
[INFO] finished tweaking git repo https://github.com/MauricevanLeeuwen/seq-rs
[INFO] tweaked toml for git repo https://github.com/MauricevanLeeuwen/seq-rs written to /workspace/builds/worker-11/source/Cargo.toml
[INFO] running `Command { std: "/workspace/cargo-home/bin/cargo" "+af3c6e733a40e671550e0f0f5aeecaa13772ba56" "generate-lockfile" "--manifest-path" "Cargo.toml" "-Zno-index-update", kill_on_drop: false }`
[INFO] running `Command { std: "/workspace/cargo-home/bin/cargo" "+af3c6e733a40e671550e0f0f5aeecaa13772ba56" "fetch" "--locked" "--manifest-path" "Cargo.toml", kill_on_drop: false }`
[INFO] running `Command { std: "docker" "create" "-v" "/var/lib/crater-agent-workspace/builds/worker-11/target:/opt/rustwide/target:rw,Z" "-v" "/var/lib/crater-agent-workspace/builds/worker-11/source:/opt/rustwide/workdir:ro,Z" "-v" "/var/lib/crater-agent-workspace/cargo-home:/opt/rustwide/cargo-home:ro,Z" "-v" "/var/lib/crater-agent-workspace/rustup-home:/opt/rustwide/rustup-home:ro,Z" "-e" "SOURCE_DIR=/opt/rustwide/workdir" "-e" "CARGO_TARGET_DIR=/opt/rustwide/target" "-e" "CARGO_HOME=/opt/rustwide/cargo-home" "-e" "RUSTUP_HOME=/opt/rustwide/rustup-home" "-w" "/opt/rustwide/workdir" "-m" "1610612736" "--user" "0:0" "--network" "none" "rustops/crates-build-env@sha256:d92eaeed33fa75130ca1ee6c8a01d1ffb62bac859dfdfb3450e3e5d1c0146529" "/opt/rustwide/cargo-home/bin/cargo" "+af3c6e733a40e671550e0f0f5aeecaa13772ba56" "metadata" "--no-deps" "--format-version=1", kill_on_drop: false }`
[INFO] [stderr] WARNING: Your kernel does not support swap limit capabilities or the cgroup is not mounted. Memory limited without swap.
[INFO] [stdout] 08fbe40292df10faccc646b3cb1595d3873ab83cb9cba6cef0d31ad8a7ae9a8e
[INFO] running `Command { std: "docker" "start" "-a" "08fbe40292df10faccc646b3cb1595d3873ab83cb9cba6cef0d31ad8a7ae9a8e", kill_on_drop: false }`
[INFO] running `Command { std: "docker" "inspect" "08fbe40292df10faccc646b3cb1595d3873ab83cb9cba6cef0d31ad8a7ae9a8e", kill_on_drop: false }`
[INFO] running `Command { std: "docker" "rm" "-f" "08fbe40292df10faccc646b3cb1595d3873ab83cb9cba6cef0d31ad8a7ae9a8e", kill_on_drop: false }`
[INFO] [stdout] 08fbe40292df10faccc646b3cb1595d3873ab83cb9cba6cef0d31ad8a7ae9a8e
[INFO] running `Command { std: "docker" "create" "-v" "/var/lib/crater-agent-workspace/builds/worker-11/target:/opt/rustwide/target:rw,Z" "-v" "/var/lib/crater-agent-workspace/builds/worker-11/source:/opt/rustwide/workdir:ro,Z" "-v" "/var/lib/crater-agent-workspace/cargo-home:/opt/rustwide/cargo-home:ro,Z" "-v" "/var/lib/crater-agent-workspace/rustup-home:/opt/rustwide/rustup-home:ro,Z" "-e" "SOURCE_DIR=/opt/rustwide/workdir" "-e" "CARGO_TARGET_DIR=/opt/rustwide/target" "-e" "CARGO_INCREMENTAL=0" "-e" "RUST_BACKTRACE=full" "-e" "RUSTFLAGS=--cap-lints=forbid" "-e" "CARGO_HOME=/opt/rustwide/cargo-home" "-e" "RUSTUP_HOME=/opt/rustwide/rustup-home" "-w" "/opt/rustwide/workdir" "-m" "1610612736" "--user" "0:0" "--network" "none" "rustops/crates-build-env@sha256:d92eaeed33fa75130ca1ee6c8a01d1ffb62bac859dfdfb3450e3e5d1c0146529" "/opt/rustwide/cargo-home/bin/cargo" "+af3c6e733a40e671550e0f0f5aeecaa13772ba56" "check" "--frozen" "--all" "--all-targets" "--message-format=json", kill_on_drop: false }`
[INFO] [stdout] 139e094afd3476b691024792afc927eec655b20eb7d55c25dbd42d460044e886
[INFO] [stderr] WARNING: Your kernel does not support swap limit capabilities or the cgroup is not mounted. Memory limited without swap.
[INFO] running `Command { std: "docker" "start" "-a" "139e094afd3476b691024792afc927eec655b20eb7d55c25dbd42d460044e886", kill_on_drop: false }`
[INFO] [stderr]    Compiling unicode-xid v0.2.1
[INFO] [stderr]    Compiling syn v1.0.40
[INFO] [stderr]     Checking cfg-if v0.1.10
[INFO] [stderr]    Compiling unicode-segmentation v1.6.0
[INFO] [stderr]     Checking portmidi v0.2.5
[INFO] [stderr]     Checking textwrap v0.11.0
[INFO] [stderr]    Compiling proc-macro-error-attr v1.0.4
[INFO] [stderr]    Compiling proc-macro-error v1.0.4
[INFO] [stderr]     Checking atty v0.2.14
[INFO] [stderr]     Checking termion v1.5.5
[INFO] [stderr]     Checking toml v0.5.6
[INFO] [stderr]     Checking getrandom v0.1.15
[INFO] [stderr]    Compiling proc-macro2 v1.0.21
[INFO] [stderr]     Checking clap v2.33.3
[INFO] [stderr]     Checking rand_core v0.5.1
[INFO] [stderr]    Compiling heck v0.3.1
[INFO] [stderr]     Checking rand_chacha v0.2.2
[INFO] [stderr]    Compiling quote v1.0.7
[INFO] [stderr]     Checking rand v0.7.3
[INFO] [stderr]    Compiling structopt-derive v0.4.10
[INFO] [stderr]     Checking structopt v0.3.17
[INFO] [stderr]     Checking Seq v0.1.0 (/opt/rustwide/workdir)
[INFO] [stdout] warning: unused imports: `color`, `style`
[INFO] [stdout]  --> src/main.rs:7:22
[INFO] [stdout]   |
[INFO] [stdout] 7 | use termion::{clear, color, cursor, style};
[INFO] [stdout]   |                      ^^^^^          ^^^^^
[INFO] [stdout]   |
[INFO] [stdout]   = note: `#[warn(unused_imports)]` on by default
[INFO] [stdout] 
[INFO] [stdout] 
[INFO] [stdout] warning: unused import: `rand::prelude::*`
[INFO] [stdout]  --> src/vm.rs:3:5
[INFO] [stdout]   |
[INFO] [stdout] 3 | use rand::prelude::*;
[INFO] [stdout]   |     ^^^^^^^^^^^^^^^^
[INFO] [stdout] 
[INFO] [stdout] 
[INFO] [stdout] error[E0106]: missing lifetime specifier
[INFO] [stdout]   --> src/vm.rs:27:25
[INFO] [stdout]    |
[INFO] [stdout] 27 |     midi_out: portmidi::OutputPort,
[INFO] [stdout]    |                         ^^^^^^^^^^ expected named lifetime parameter
[INFO] [stdout]    |
[INFO] [stdout] help: consider introducing a named lifetime parameter
[INFO] [stdout]    |
[INFO] [stdout] 24 | pub struct Instance<'a> {
[INFO] [stdout] 25 |     cells: Vec<Cell>,
[INFO] [stdout] 26 |     notes: Vec<(u8, u8)>,
[INFO] [stdout] 27 |     midi_out: portmidi::OutputPort<'a>,
[INFO] [stdout]    |
[INFO] [stdout] 
[INFO] [stdout] 
[INFO] [stdout] warning: unused imports: `color`, `style`
[INFO] [stdout]  --> src/main.rs:7:22
[INFO] [stdout]   |
[INFO] [stdout] 7 | use termion::{clear, color, cursor, style};
[INFO] [stdout]   |                      ^^^^^          ^^^^^
[INFO] [stdout]   |
[INFO] [stdout]   = note: `#[warn(unused_imports)]` on by default
[INFO] [stdout] 
[INFO] [stdout] 
[INFO] [stdout] warning: unused import: `rand::prelude::*`
[INFO] [stdout]  --> src/vm.rs:3:5
[INFO] [stdout]   |
[INFO] [stdout] 3 | use rand::prelude::*;
[INFO] [stdout]   |     ^^^^^^^^^^^^^^^^
[INFO] [stdout] 
[INFO] [stdout] 
[INFO] [stdout] error[E0106]: missing lifetime specifier
[INFO] [stdout]   --> src/vm.rs:27:25
[INFO] [stdout]    |
[INFO] [stdout] 27 |     midi_out: portmidi::OutputPort,
[INFO] [stdout]    |                         ^^^^^^^^^^ expected named lifetime parameter
[INFO] [stdout]    |
[INFO] [stdout] help: consider introducing a named lifetime parameter
[INFO] [stdout]    |
[INFO] [stdout] 24 | pub struct Instance<'a> {
[INFO] [stdout] 25 |     cells: Vec<Cell>,
[INFO] [stdout] 26 |     notes: Vec<(u8, u8)>,
[INFO] [stdout] 27 |     midi_out: portmidi::OutputPort<'a>,
[INFO] [stdout]    |
[INFO] [stdout] 
[INFO] [stdout] 
[INFO] [stdout] error[E0621]: explicit lifetime required in the type of `midi_out`
[INFO] [stdout]   --> src/vm.rs:35:19
[INFO] [stdout]    |
[INFO] [stdout] 31 | pub fn new(bpm: f32, midi_out: portmidi::OutputPort) -> Instance {
[INFO] [stdout]    |                                -------------------- help: add explicit lifetime `'static` to the type of `midi_out`: `OutputPort<'static>`
[INFO] [stdout] ...
[INFO] [stdout] 35 |         midi_out: midi_out,
[INFO] [stdout]    |                   ^^^^^^^^ lifetime `'static` required
[INFO] [stdout] 
[INFO] [stdout] 
[INFO] [stdout] error[E0621]: explicit lifetime required in the type of `midi_out`
[INFO] [stdout]   --> src/vm.rs:35:19
[INFO] [stdout]    |
[INFO] [stdout] 31 | pub fn new(bpm: f32, midi_out: portmidi::OutputPort) -> Instance {
[INFO] [stdout]    |                                -------------------- help: add explicit lifetime `'static` to the type of `midi_out`: `OutputPort<'static>`
[INFO] [stdout] ...
[INFO] [stdout] 35 |         midi_out: midi_out,
[INFO] [stdout]    |                   ^^^^^^^^ lifetime `'static` required
[INFO] [stdout] 
[INFO] [stdout] 
[INFO] [stdout] error[E0063]: missing field `data3` in initializer of `MidiMessage`
[INFO] [stdout]   --> src/vm.rs:46:25
[INFO] [stdout]    |
[INFO] [stdout] 46 |             let event = MidiMessage {
[INFO] [stdout]    |                         ^^^^^^^^^^^ missing `data3`
[INFO] [stdout] 
[INFO] [stdout] 
[INFO] [stdout] error[E0063]: missing field `data3` in initializer of `MidiMessage`
[INFO] [stdout]   --> src/vm.rs:67:21
[INFO] [stdout]    |
[INFO] [stdout] 67 |         let event = MidiMessage {
[INFO] [stdout]    |                     ^^^^^^^^^^^ missing `data3`
[INFO] [stdout] 
[INFO] [stdout] 
[INFO] [stdout] error[E0621]: explicit lifetime required in the type of `midi_out`
[INFO] [stdout]   --> src/vm.rs:82:19
[INFO] [stdout]    |
[INFO] [stdout] 77 | pub fn from_string(input: String, mut midi_out: portmidi::OutputPort) -> Instance {
[INFO] [stdout]    |                                                 -------------------- help: add explicit lifetime `'static` to the type of `midi_out`: `OutputPort<'static>`
[INFO] [stdout] ...
[INFO] [stdout] 82 |         midi_out: midi_out,
[INFO] [stdout]    |                   ^^^^^^^^ lifetime `'static` required
[INFO] [stdout] 
[INFO] [stdout] 
[INFO] [stdout] error[E0063]: missing field `data3` in initializer of `MidiMessage`
[INFO] [stdout]   --> src/vm.rs:46:25
[INFO] [stdout]    |
[INFO] [stdout] 46 |             let event = MidiMessage {
[INFO] [stdout]    |                         ^^^^^^^^^^^ missing `data3`
[INFO] [stdout] 
[INFO] [stdout] 
[INFO] [stdout] error: aborting due to 5 previous errors; 2 warnings emitted
[INFO] [stdout] 
[INFO] [stdout] 
[INFO] [stdout] error[E0063]: missing field `data3` in initializer of `MidiMessage`
[INFO] [stdout]   --> src/vm.rs:67:21
[INFO] [stdout]    |
[INFO] [stdout] 67 |         let event = MidiMessage {
[INFO] [stdout]    |                     ^^^^^^^^^^^ missing `data3`
[INFO] [stdout] 
[INFO] [stdout] 
[INFO] [stdout] error[E0621]: explicit lifetime required in the type of `midi_out`
[INFO] [stdout]   --> src/vm.rs:82:19
[INFO] [stdout]    |
[INFO] [stdout] 77 | pub fn from_string(input: String, mut midi_out: portmidi::OutputPort) -> Instance {
[INFO] [stdout]    |                                                 -------------------- help: add explicit lifetime `'static` to the type of `midi_out`: `OutputPort<'static>`
[INFO] [stdout] ...
[INFO] [stdout] 82 |         midi_out: midi_out,
[INFO] [stdout]    |                   ^^^^^^^^ lifetime `'static` required
[INFO] [stdout] 
[INFO] [stdout] 
[INFO] [stdout] Some errors have detailed explanations: E0063, E0106, E0621.
[INFO] [stdout] 
[INFO] [stdout] For more information about an error, try `rustc --explain E0063`.
[INFO] [stdout] 
[INFO] [stdout] error: aborting due to 5 previous errors; 2 warnings emitted
[INFO] [stdout] 
[INFO] [stdout] 
[INFO] [stdout] Some errors have detailed explanations: E0063, E0106, E0621.
[INFO] [stdout] 
[INFO] [stdout] For more information about an error, try `rustc --explain E0063`.
[INFO] [stdout] 
[INFO] [stderr] error: could not compile `Seq`.
[INFO] [stderr] 
[INFO] [stderr] To learn more, run the command again with --verbose.
[INFO] [stderr] warning: build failed, waiting for other jobs to finish...
[INFO] [stderr] error: build failed
[INFO] running `Command { std: "docker" "inspect" "139e094afd3476b691024792afc927eec655b20eb7d55c25dbd42d460044e886", kill_on_drop: false }`
[INFO] running `Command { std: "docker" "rm" "-f" "139e094afd3476b691024792afc927eec655b20eb7d55c25dbd42d460044e886", kill_on_drop: false }`
[INFO] [stdout] 139e094afd3476b691024792afc927eec655b20eb7d55c25dbd42d460044e886
